{"id":1586,"date":"2021-06-16T04:20:17","date_gmt":"2021-06-16T04:20:17","guid":{"rendered":"https:\/\/solidariosestrella.org\/?post_type=casos_resueltos2&#038;p=1586"},"modified":"2025-07-28T01:49:52","modified_gmt":"2025-07-28T01:49:52","slug":"kiara","status":"publish","type":"en_memoria","link":"https:\/\/solidariosestrella.org\/en\/en-memoria\/kiara\/","title":{"rendered":"Kiara"},"content":{"rendered":"<p>Fundaci\u00f3n asumi\u00f3 el caso y realiz\u00f3 campa\u00f1a nacional.<br>Apoyo de: Primera dama Raquel Arbaje, Sergio Carlo y medios de prensa.<br>Diagn\u00f3stico no especificado, pero se brind\u00f3 atenci\u00f3n integral hasta su fallecimiento el 16 de junio 2021.<br>La fundaci\u00f3n acompa\u00f1\u00f3 hasta el final.<\/p>\n\n\n\n<p><\/p>\n\n\n\n<p><\/p>","protected":false},"excerpt":{"rendered":"<p>Fundaci\u00f3n asumi\u00f3 el caso y realiz\u00f3 campa\u00f1a nacional.Apoyo de: Primera dama Raquel Arbaje, Sergio Carlo y medios de prensa.Diagn\u00f3stico no especificado, pero se brind\u00f3 atenci\u00f3n integral hasta su fallecimiento el [&hellip;]<\/p>\n","protected":false},"featured_media":1587,"template":"","class_list":["post-1586","en_memoria","type-en_memoria","status-publish","has-post-thumbnail","hentry"],"yoast_head":"<!-- This site is optimized with the Yoast SEO plugin v27.4 - https:\/\/yoast.com\/product\/yoast-seo-wordpress\/ -->\n<title>Kiara - Solidarios Estrella<\/title>\n<meta name=\"robots\" content=\"index, follow, max-snippet:-1, max-image-preview:large, max-video-preview:-1\" \/>\n<link rel=\"canonical\" href=\"https:\/\/solidariosestrella.org\/en\/en-memoria\/kiara\/\" \/>\n<meta property=\"og:locale\" content=\"en_US\" \/>\n<meta property=\"og:type\" content=\"article\" \/>\n<meta property=\"og:title\" content=\"Kiara - Solidarios Estrella\" \/>\n<meta property=\"og:description\" content=\"Fundaci\u00f3n asumi\u00f3 el caso y realiz\u00f3 campa\u00f1a nacional.Apoyo de: Primera dama Raquel Arbaje, Sergio Carlo y medios de prensa.Diagn\u00f3stico no especificado, pero se brind\u00f3 atenci\u00f3n integral hasta su fallecimiento el [&hellip;]\" \/>\n<meta property=\"og:url\" content=\"https:\/\/solidariosestrella.org\/en\/en-memoria\/kiara\/\" \/>\n<meta property=\"og:site_name\" content=\"Solidarios Estrella\" \/>\n<meta property=\"article:publisher\" content=\"https:\/\/www.facebook.com\/profile.php?id=61576196532485\" \/>\n<meta property=\"article:modified_time\" content=\"2025-07-28T01:49:52+00:00\" \/>\n<meta property=\"og:image\" content=\"https:\/\/solidariosestrella.org\/wp-content\/uploads\/2025\/07\/Kiara-1.jpg\" \/>\n\t<meta property=\"og:image:width\" content=\"720\" \/>\n\t<meta property=\"og:image:height\" content=\"960\" \/>\n\t<meta property=\"og:image:type\" content=\"image\/jpeg\" \/>\n<meta name=\"twitter:card\" content=\"summary_large_image\" \/>\n<meta name=\"twitter:site\" content=\"@FSolidariosE\" \/>\n<script type=\"application\/ld+json\" class=\"yoast-schema-graph\">{\"@context\":\"https:\\\/\\\/schema.org\",\"@graph\":[{\"@type\":\"WebPage\",\"@id\":\"https:\\\/\\\/solidariosestrella.org\\\/en\\\/en-memoria\\\/kiara\\\/\",\"url\":\"https:\\\/\\\/solidariosestrella.org\\\/en\\\/en-memoria\\\/kiara\\\/\",\"name\":\"Kiara - Solidarios Estrella\",\"isPartOf\":{\"@id\":\"https:\\\/\\\/solidariosestrella.org\\\/#website\"},\"primaryImageOfPage\":{\"@id\":\"https:\\\/\\\/solidariosestrella.org\\\/en\\\/en-memoria\\\/kiara\\\/#primaryimage\"},\"image\":{\"@id\":\"https:\\\/\\\/solidariosestrella.org\\\/en\\\/en-memoria\\\/kiara\\\/#primaryimage\"},\"thumbnailUrl\":\"https:\\\/\\\/solidariosestrella.org\\\/wp-content\\\/uploads\\\/2025\\\/07\\\/Kiara-1.jpg\",\"datePublished\":\"2021-06-16T04:20:17+00:00\",\"dateModified\":\"2025-07-28T01:49:52+00:00\",\"breadcrumb\":{\"@id\":\"https:\\\/\\\/solidariosestrella.org\\\/en\\\/en-memoria\\\/kiara\\\/#breadcrumb\"},\"inLanguage\":\"en-US\",\"potentialAction\":[{\"@type\":\"ReadAction\",\"target\":[\"https:\\\/\\\/solidariosestrella.org\\\/en\\\/en-memoria\\\/kiara\\\/\"]}]},{\"@type\":\"ImageObject\",\"inLanguage\":\"en-US\",\"@id\":\"https:\\\/\\\/solidariosestrella.org\\\/en\\\/en-memoria\\\/kiara\\\/#primaryimage\",\"url\":\"https:\\\/\\\/solidariosestrella.org\\\/wp-content\\\/uploads\\\/2025\\\/07\\\/Kiara-1.jpg\",\"contentUrl\":\"https:\\\/\\\/solidariosestrella.org\\\/wp-content\\\/uploads\\\/2025\\\/07\\\/Kiara-1.jpg\",\"width\":720,\"height\":960},{\"@type\":\"BreadcrumbList\",\"@id\":\"https:\\\/\\\/solidariosestrella.org\\\/en\\\/en-memoria\\\/kiara\\\/#breadcrumb\",\"itemListElement\":[{\"@type\":\"ListItem\",\"position\":1,\"name\":\"Home\",\"item\":\"https:\\\/\\\/solidariosestrella.org\\\/\"},{\"@type\":\"ListItem\",\"position\":2,\"name\":\"Kiara\"}]},{\"@type\":\"WebSite\",\"@id\":\"https:\\\/\\\/solidariosestrella.org\\\/#website\",\"url\":\"https:\\\/\\\/solidariosestrella.org\\\/\",\"name\":\"Solidarios Estrella\",\"description\":\"\",\"publisher\":{\"@id\":\"https:\\\/\\\/solidariosestrella.org\\\/#organization\"},\"potentialAction\":[{\"@type\":\"SearchAction\",\"target\":{\"@type\":\"EntryPoint\",\"urlTemplate\":\"https:\\\/\\\/solidariosestrella.org\\\/?s={search_term_string}\"},\"query-input\":{\"@type\":\"PropertyValueSpecification\",\"valueRequired\":true,\"valueName\":\"search_term_string\"}}],\"inLanguage\":\"en-US\"},{\"@type\":\"Organization\",\"@id\":\"https:\\\/\\\/solidariosestrella.org\\\/#organization\",\"name\":\"Solidarios Estrella\",\"url\":\"https:\\\/\\\/solidariosestrella.org\\\/\",\"logo\":{\"@type\":\"ImageObject\",\"inLanguage\":\"en-US\",\"@id\":\"https:\\\/\\\/solidariosestrella.org\\\/#\\\/schema\\\/logo\\\/image\\\/\",\"url\":\"https:\\\/\\\/solidariosestrella.org\\\/wp-content\\\/uploads\\\/2025\\\/07\\\/SE_LogoColorHD_250712_V1.png\",\"contentUrl\":\"https:\\\/\\\/solidariosestrella.org\\\/wp-content\\\/uploads\\\/2025\\\/07\\\/SE_LogoColorHD_250712_V1.png\",\"width\":1782,\"height\":406,\"caption\":\"Solidarios Estrella\"},\"image\":{\"@id\":\"https:\\\/\\\/solidariosestrella.org\\\/#\\\/schema\\\/logo\\\/image\\\/\"},\"sameAs\":[\"https:\\\/\\\/www.facebook.com\\\/profile.php?id=61576196532485\",\"https:\\\/\\\/x.com\\\/FSolidariosE\",\"https:\\\/\\\/www.youtube.com\\\/@FundacionSolidariosEstrella\",\"https:\\\/\\\/www.instagram.com\\\/solidariosestrella?utm_source=ig_web_button_share_sheet&igsh=cHI0OW4wYW8ybDE=\"]}]}<\/script>\n<!-- \/ Yoast SEO plugin. -->","yoast_head_json":{"title":"Kiara - Solidarios Estrella","robots":{"index":"index","follow":"follow","max-snippet":"max-snippet:-1","max-image-preview":"max-image-preview:large","max-video-preview":"max-video-preview:-1"},"canonical":"https:\/\/solidariosestrella.org\/en\/en-memoria\/kiara\/","og_locale":"en_US","og_type":"article","og_title":"Kiara - Solidarios Estrella","og_description":"Fundaci\u00f3n asumi\u00f3 el caso y realiz\u00f3 campa\u00f1a nacional.Apoyo de: Primera dama Raquel Arbaje, Sergio Carlo y medios de prensa.Diagn\u00f3stico no especificado, pero se brind\u00f3 atenci\u00f3n integral hasta su fallecimiento el [&hellip;]","og_url":"https:\/\/solidariosestrella.org\/en\/en-memoria\/kiara\/","og_site_name":"Solidarios Estrella","article_publisher":"https:\/\/www.facebook.com\/profile.php?id=61576196532485","article_modified_time":"2025-07-28T01:49:52+00:00","og_image":[{"width":720,"height":960,"url":"https:\/\/solidariosestrella.org\/wp-content\/uploads\/2025\/07\/Kiara-1.jpg","type":"image\/jpeg"}],"twitter_card":"summary_large_image","twitter_site":"@FSolidariosE","schema":{"@context":"https:\/\/schema.org","@graph":[{"@type":"WebPage","@id":"https:\/\/solidariosestrella.org\/en\/en-memoria\/kiara\/","url":"https:\/\/solidariosestrella.org\/en\/en-memoria\/kiara\/","name":"Kiara - Solidarios Estrella","isPartOf":{"@id":"https:\/\/solidariosestrella.org\/#website"},"primaryImageOfPage":{"@id":"https:\/\/solidariosestrella.org\/en\/en-memoria\/kiara\/#primaryimage"},"image":{"@id":"https:\/\/solidariosestrella.org\/en\/en-memoria\/kiara\/#primaryimage"},"thumbnailUrl":"https:\/\/solidariosestrella.org\/wp-content\/uploads\/2025\/07\/Kiara-1.jpg","datePublished":"2021-06-16T04:20:17+00:00","dateModified":"2025-07-28T01:49:52+00:00","breadcrumb":{"@id":"https:\/\/solidariosestrella.org\/en\/en-memoria\/kiara\/#breadcrumb"},"inLanguage":"en-US","potentialAction":[{"@type":"ReadAction","target":["https:\/\/solidariosestrella.org\/en\/en-memoria\/kiara\/"]}]},{"@type":"ImageObject","inLanguage":"en-US","@id":"https:\/\/solidariosestrella.org\/en\/en-memoria\/kiara\/#primaryimage","url":"https:\/\/solidariosestrella.org\/wp-content\/uploads\/2025\/07\/Kiara-1.jpg","contentUrl":"https:\/\/solidariosestrella.org\/wp-content\/uploads\/2025\/07\/Kiara-1.jpg","width":720,"height":960},{"@type":"BreadcrumbList","@id":"https:\/\/solidariosestrella.org\/en\/en-memoria\/kiara\/#breadcrumb","itemListElement":[{"@type":"ListItem","position":1,"name":"Home","item":"https:\/\/solidariosestrella.org\/"},{"@type":"ListItem","position":2,"name":"Kiara"}]},{"@type":"WebSite","@id":"https:\/\/solidariosestrella.org\/#website","url":"https:\/\/solidariosestrella.org\/","name":"Solidarios Estrella","description":"","publisher":{"@id":"https:\/\/solidariosestrella.org\/#organization"},"potentialAction":[{"@type":"SearchAction","target":{"@type":"EntryPoint","urlTemplate":"https:\/\/solidariosestrella.org\/?s={search_term_string}"},"query-input":{"@type":"PropertyValueSpecification","valueRequired":true,"valueName":"search_term_string"}}],"inLanguage":"en-US"},{"@type":"Organization","@id":"https:\/\/solidariosestrella.org\/#organization","name":"Solidarios Estrella","url":"https:\/\/solidariosestrella.org\/","logo":{"@type":"ImageObject","inLanguage":"en-US","@id":"https:\/\/solidariosestrella.org\/#\/schema\/logo\/image\/","url":"https:\/\/solidariosestrella.org\/wp-content\/uploads\/2025\/07\/SE_LogoColorHD_250712_V1.png","contentUrl":"https:\/\/solidariosestrella.org\/wp-content\/uploads\/2025\/07\/SE_LogoColorHD_250712_V1.png","width":1782,"height":406,"caption":"Solidarios Estrella"},"image":{"@id":"https:\/\/solidariosestrella.org\/#\/schema\/logo\/image\/"},"sameAs":["https:\/\/www.facebook.com\/profile.php?id=61576196532485","https:\/\/x.com\/FSolidariosE","https:\/\/www.youtube.com\/@FundacionSolidariosEstrella","https:\/\/www.instagram.com\/solidariosestrella?utm_source=ig_web_button_share_sheet&igsh=cHI0OW4wYW8ybDE="]}]}},"_links":{"self":[{"href":"https:\/\/solidariosestrella.org\/en\/wp-json\/wp\/v2\/en_memoria\/1586","targetHints":{"allow":["GET"]}}],"collection":[{"href":"https:\/\/solidariosestrella.org\/en\/wp-json\/wp\/v2\/en_memoria"}],"about":[{"href":"https:\/\/solidariosestrella.org\/en\/wp-json\/wp\/v2\/types\/en_memoria"}],"version-history":[{"count":0,"href":"https:\/\/solidariosestrella.org\/en\/wp-json\/wp\/v2\/en_memoria\/1586\/revisions"}],"wp:featuredmedia":[{"embeddable":true,"href":"https:\/\/solidariosestrella.org\/en\/wp-json\/wp\/v2\/media\/1587"}],"wp:attachment":[{"href":"https:\/\/solidariosestrella.org\/en\/wp-json\/wp\/v2\/media?parent=1586"}],"curies":[{"name":"wp","href":"https:\/\/api.w.org\/{rel}","templated":true}]}}

<p>Fundación asumió el caso y realizó campaña nacional.<br>Apoyo de: Primera dama Raquel Arbaje, Sergio Carlo y medios de prensa.<br>Diagnóstico no especificado, pero se brindó atención integral hasta su fallecimiento el 16 de junio 2021.<br>La fundación acompañó hasta el final.</p>



<p></p>



<p></p>

<p>Fundación asumió el caso y realizó campaña nacional.Apoyo de: Primera dama Raquel Arbaje, Sergio Carlo y medios de prensa.Diagnóstico no especificado, pero se brindó atención integral hasta su fallecimiento el [&hellip;]</p>

<!-- This site is optimized with the Yoast SEO plugin v27.4 - https://yoast.com/product/yoast-seo-wordpress/ -->
<title>Kiara - Solidarios Estrella</title>
<meta name="robots" content="index, follow, max-snippet:-1, max-image-preview:large, max-video-preview:-1" />
<link rel="canonical" href="https://solidariosestrella.org/en/en-memoria/kiara/" />
<meta property="og:locale" content="en_US" />
<meta property="og:type" content="article" />
<meta property="og:title" content="Kiara - Solidarios Estrella" />
<meta property="og:description" content="Fundación asumió el caso y realizó campaña nacional.Apoyo de: Primera dama Raquel Arbaje, Sergio Carlo y medios de prensa.Diagnóstico no especificado, pero se brindó atención integral hasta su fallecimiento el [&hellip;]" />
<meta property="og:url" content="https://solidariosestrella.org/en/en-memoria/kiara/" />
<meta property="og:site_name" content="Solidarios Estrella" />
<meta property="article:publisher" content="https://www.facebook.com/profile.php?id=61576196532485" />
<meta property="article:modified_time" content="2025-07-28T01:49:52+00:00" />
<meta property="og:image" content="https://solidariosestrella.org/wp-content/uploads/2025/07/Kiara-1.jpg" />
	<meta property="og:image:width" content="720" />
	<meta property="og:image:height" content="960" />
	<meta property="og:image:type" content="image/jpeg" />
<meta name="twitter:card" content="summary_large_image" />
<meta name="twitter:site" content="@FSolidariosE" />
<script type="application/ld+json" class="yoast-schema-graph">{"@context":"https:\/\/schema.org","@graph":[{"@type":"WebPage","@id":"https:\/\/solidariosestrella.org\/en\/en-memoria\/kiara\/","url":"https:\/\/solidariosestrella.org\/en\/en-memoria\/kiara\/","name":"Kiara - Solidarios Estrella","isPartOf":{"@id":"https:\/\/solidariosestrella.org\/#website"},"primaryImageOfPage":{"@id":"https:\/\/solidariosestrella.org\/en\/en-memoria\/kiara\/#primaryimage"},"image":{"@id":"https:\/\/solidariosestrella.org\/en\/en-memoria\/kiara\/#primaryimage"},"thumbnailUrl":"https:\/\/solidariosestrella.org\/wp-content\/uploads\/2025\/07\/Kiara-1.jpg","datePublished":"2021-06-16T04:20:17+00:00","dateModified":"2025-07-28T01:49:52+00:00","breadcrumb":{"@id":"https:\/\/solidariosestrella.org\/en\/en-memoria\/kiara\/#breadcrumb"},"inLanguage":"en-US","potentialAction":[{"@type":"ReadAction","target":["https:\/\/solidariosestrella.org\/en\/en-memoria\/kiara\/"]}]},{"@type":"ImageObject","inLanguage":"en-US","@id":"https:\/\/solidariosestrella.org\/en\/en-memoria\/kiara\/#primaryimage","url":"https:\/\/solidariosestrella.org\/wp-content\/uploads\/2025\/07\/Kiara-1.jpg","contentUrl":"https:\/\/solidariosestrella.org\/wp-content\/uploads\/2025\/07\/Kiara-1.jpg","width":720,"height":960},{"@type":"BreadcrumbList","@id":"https:\/\/solidariosestrella.org\/en\/en-memoria\/kiara\/#breadcrumb","itemListElement":[{"@type":"ListItem","position":1,"name":"Home","item":"https:\/\/solidariosestrella.org\/"},{"@type":"ListItem","position":2,"name":"Kiara"}]},{"@type":"WebSite","@id":"https:\/\/solidariosestrella.org\/#website","url":"https:\/\/solidariosestrella.org\/","name":"Solidarios Estrella","description":"","publisher":{"@id":"https:\/\/solidariosestrella.org\/#organization"},"potentialAction":[{"@type":"SearchAction","target":{"@type":"EntryPoint","urlTemplate":"https:\/\/solidariosestrella.org\/?s={search_term_string}"},"query-input":{"@type":"PropertyValueSpecification","valueRequired":true,"valueName":"search_term_string"}}],"inLanguage":"en-US"},{"@type":"Organization","@id":"https:\/\/solidariosestrella.org\/#organization","name":"Solidarios Estrella","url":"https:\/\/solidariosestrella.org\/","logo":{"@type":"ImageObject","inLanguage":"en-US","@id":"https:\/\/solidariosestrella.org\/#\/schema\/logo\/image\/","url":"https:\/\/solidariosestrella.org\/wp-content\/uploads\/2025\/07\/SE_LogoColorHD_250712_V1.png","contentUrl":"https:\/\/solidariosestrella.org\/wp-content\/uploads\/2025\/07\/SE_LogoColorHD_250712_V1.png","width":1782,"height":406,"caption":"Solidarios Estrella"},"image":{"@id":"https:\/\/solidariosestrella.org\/#\/schema\/logo\/image\/"},"sameAs":["https:\/\/www.facebook.com\/profile.php?id=61576196532485","https:\/\/x.com\/FSolidariosE","https:\/\/www.youtube.com\/@FundacionSolidariosEstrella","https:\/\/www.instagram.com\/solidariosestrella?utm_source=ig_web_button_share_sheet&igsh=cHI0OW4wYW8ybDE="]}]}</script>
<!-- / Yoast SEO plugin. -->

Fundación asumió el caso y realizó campaña nacional.Apoyo de: Primera dama Raquel Arbaje, Sergio Carlo y medios de prensa.Diagnóstico no especificado, pero se brindó atención integral hasta su fallecimiento el [&hellip;]
